 24 and c.
12
Let n be (4/6)/((-6)/(-99)). Let m = 14 - n. Suppose -2*c + 110 = 5*r, -4*c + 0*c = -2*r + 68. Calculate the greatest common divisor of r and m.
3
Suppose -2*n = -s + 24 + 145, 10 = -5*n. Calculate the greatest common divisor of s and 15.
15
Suppose 4*g = 8*g. Suppose g = j + 2*j - 18. What is the greatest common divisor of j and 12?
6
Let g be 12/(-15) - 117/(-15). Suppose -2*q + 252 = 2*q. Calculate the highest common factor of q and g.
7
Let t(r) = -3*r - 46. Let c be t(-18). What is the highest common divisor of 4 and c?
4
Suppose -4*w = -2 + 6. Let k be 14 + w*(1 - 0). Suppose 73 = -3*i + 229. Calculate the greatest common divisor of k and i.
13
Suppose -2 = -p + 2. Suppose -p*y = -b + 77, 2*y - 15 = 5*y. Calculate the greatest common factor of b and 19.
19
Suppose 272 = 8*y - 4*y. Suppose 4*t - f = 3*f + y, -t + 11 = -3*f. Calculate the highest common factor of 40 and t.
20
Suppose -j = 3*j - 96. Suppose 0*l - 3*l = g - 15, 5*g - 2*l = j. Let s be (9 + -1)/(g + -5). What is the highest common divisor of s and 2?
2
Suppose -19 = -5*z + 4*r, 4*z - 48 = -4*r - r. What is the highest common divisor of 49 and z?
7
Let n(j) = -2*j**2 + j**2 - 13 - 9*j + 0*j**2 - 4*j. Let m be n(-10). Let v(w) = -136*w. Let l be v(-1). What is the highest common divisor of l and m?
17
Let u(z) = 3*z + 3. Let c be u(9). Calculate the greatest common factor of 30 and c.
30
Suppose -2*h = -3*h + 252. What is the highest common divisor of 36 and h?
36
Suppose -j = -5*j + 240. Let s be 0 + (-180)/(-5) + 4. Calculate the greatest common factor of j and s.
20
Suppose -a = 4*a - 740. Let u be (-774)/(-8) + 1/4. Let o = a - u. What is the greatest common factor of o and 34?
17
Let h be (-1)/2*0/(-2). Suppose h = 2*p - 4, -5*p - 125 = -3*r - 0*r. Calculate the highest common factor of 18 and r.
9
Suppose -3*l - 4*y + 83 = 0, -4*l - 4*y - 21 + 129 = 0. Calculate the greatest common divisor of 5 and l.
5
Let j(k) = 4*k + 8. Let x be j(0). Calculate the highest common factor of x and 152.
8
Suppose 11 = -x + 13. Let i = -1 - -7. Let p be (4/i)/((-2)/(-9)). Calculate the highest common divisor of x and p.
1
Suppose 93 = -5*p + 2*v, v - 2*v = -p - 21. Let f = 29 + p. What is the greatest common factor of 12 and f?
12
Let l(p) = 5*p - 71. Let i be l(17). What is the highest common factor of i and 70?
14
Let k(b) = b**3 + 2*b**2 - 4*b. Let y be k(-3). Let j = 87 + -51. Let l be (-6)/j - (-73)/6. What is the greatest common factor of y and l?
3
Let i be 10/3 + (-1)/3. Let z = 5 + i. Suppose v - z = -v. Calculate the highest common factor of v and 20.
4
Suppose 2*n = -3*i - 1, 5*n - 30 = 3*i - 1. Let w be (-1)/(-2) - i/6. Let x be w + 5/(5/4). What is the highest common factor of x and 55?
5
Let y = 76 - 52. Let h be (-4)/6 + 1336/y. Calculate the greatest common divisor of h and 5.
5
Let a = -39 + -40. Let y = a + 136. What is the highest common factor of y and 19?
19
Let k be (-42)/(-9) - 2/3. Suppose -l + 20 = 2*y, -y + k*l = -0*l - 10. What is the greatest common factor of y and 110?
10
Let o(j) = -j**3 - j**2 + j. Let s be o(-3). Calculate the highest common factor of 120 and s.
15
Let d(l) = -l**2 + 11*l - 8. Let h be d(7). Let r be 4 + 1*(1 - 2). Suppose -5*u + 17 = -r. What is the greatest common factor of h and u?
4
Let g be (-4)/(-26) + (-37)/(-13). Suppose 3*l - 9 - 6 = 0. Suppose -l*w = -2*w - 9. Calculate the greatest common factor of g and w.
3
Let m be (42/(-98))/((-1)/7). Suppose -4*x = -v - 656, 5*x = -m*v + 1126 - 289. Calculate the greatest common factor of x and 66.
33
Let q(v) = 3*v**2 + 4*v - 10. Let x be q(-5). What is the greatest common divisor of 5 and x?
5
Let w(p) = -72*p**3 - p**2 - p. Let f be w(-1). Calculate the greatest common factor of 9 and f.
9
Suppose 4*u = b - 16, b + 3*u - 32 = -b. Calculate the greatest common divisor of b and 32.
16
Let a(k) = 7*k - 2. Let u be a(7). Suppose -q = 5*f - 29, 2*f = 3*q - 3*f - u. What is the highest common factor of q and 152?
19
Let w = -389 + 629. Let d be -1*(1 - (0 + -140)). Let a = d + w. Calculate the highest common divisor of a and 11.
11
Suppose -t + 7 = -3. Calculate the highest common factor of 50 and t.
10
Let q(g) = 3*g + 29. Let a be q(-8). Calculate the highest common divisor of 45 and a.
5
Let k = -18 - -29. Let x = -21 + k. Let c = 0 - x. Calculate the greatest common factor of 110 and c.
10
Let v = -11 - -20. Suppose d + d + 2*m + 6 = 0, m + v = 5*d. What is the greatest common divisor of d and 10?
1
Let i = -95 - -135. Calculate the greatest common factor of i and 8.
8
Suppose w - 40 = -7. Suppose 4*j + j = 20. Let l(q) = q**2 - 5. Let h be l(j). What is the greatest common divisor of h and w?
11
Let a = -98 - -122. Let m = 3 - 0. What is the greatest common divisor of m and a?
3
Suppose -9 = 2*t - 31. Calculate the greatest common divisor of t and 1.
1
Let q = 27 + -11. Let s = -10 + q. Let y be 2/(-4) - (-69)/s. Calculate the highest common divisor of y and 88.
11
Suppose -2*u - 3*u = 3*y - 63, -5*u - 84 = -4*y. Suppose 2*s = 4*s - 6. Calculate the greatest common divisor of s and y.
3
Let l = -2 - -5. Let h(c) = -2*c - l*c - 3*c**2 + 5*c**2 + 5. Let z be h(4). Calculate the highest common divisor of 68 and z.
17
Suppose z - 3*n + 81 = 4*z, -5*z + 119 = n. Calculate the highest common factor of 92 and z.
23
Let w = -36 - -64. Let u(d) = 14*d**2 - 4*d - 3. Let v be u(4). Suppose -4*o = 4*p - 260, 2*p + p - v = -o. Calculate the greatest common divisor of w and p.
14
Suppose -2*m - g + 190 = 3*g, -305 = -3*m + 4*g. Suppose -3*o = -4*o. Let l be -2 - 26/(-2 + o). Calculate the greatest common factor of m and l.
11
Let b(c) = -c**3 - 8*c**2 + c + 10. Let l be b(-8). Let q be (1 - l)/((-5)/135). Suppose -4*v + q = -v. Calculate the greatest common divisor of 18 and v.
9
Let d = 54 - 48. What is the greatest common factor of d and 54?
6
Suppose 4*j = j. Suppose c - 6*c + 525 = j. Calculate the greatest common factor of 42 and c.
21
Suppose 15 = 5*w - 5. Let m be w/(-18) - 724/(-18). Let l be (2/4)/(2/m). Calculate the greatest common factor of 110 and l.
10
Let d be 3*8/6 - -3. Let s = -2 + d. Let t be (-705)/(-25) + (-1)/s. Calculate the greatest common factor of 42 and t.
14
Let p(u) = u**2 + u + 51. Let b be p(0). Let d = b - 35. Suppose 0 = -q - 3 + 5. Calculate the greatest common factor of q and d.
2
Suppose 0*g - 3*g + 24 = 0. Calculate the highest common divisor of g and 8.
8
Suppose 12*k - 11*k = 27. Calculate the highest common divisor of 54 and k.
27
Let t = 60 + -38. Let i be (0 + (-36)/(-8))*t. What is the greatest common divisor of 11 and i?
11
Suppose 0 = -d - p + 6, d + 4 = -p + 2*p. Suppose 4*x = -4*x + 16. Calculate the greatest common divisor of x and d.
1
Let l = 164 + -43. Suppose 37 + 66 = 4*t - 3*g, 4*t = -3*g + l. Calculate the highest common divisor of t and 4.
4
Let x(s) = 3*s - 7. Let b be x(5). Let z be 9*1*b/3. Calculate the highest common divisor of z and 36.
12
Let f(j) = 9*j - 7. Let m be f(14). Let n be 1*2 - (0 + -15). What is the greatest common factor of n and m?
17
Let c be (-26 - -21)/(2/(-6)). What is the greatest common factor of c and 9?
3
Let u = -38 + 9. Let c = -9 - u. What is the greatest common divisor of 20 and c?
20
Suppose 3*v + z - 82 = -z, v + z = 29. Suppose 32 = -0*q + 2*q. Calculate the highest common factor of v and q.
8
Let t be ((48/10)/3)/((-2)/(-65)). Let j be 2 + 1 + 9 + 2. Let m be (-356)/(-28) + 4/j. What is the highest common divisor of t and m?
13
Let a = -19 + 27. What is the highest common factor of 8 and a?
8
Let i(t) = -3*t + 1. Let n be i(-2). Let b(g) = -g**3 - 4*g**2 + 12*g - 7. Let f be b(-7). What is the highest common factor of n and f?
7
Let p(j) = -j**2 - j + 2. Let w be p(-3). Let f be ((-35)/w)/((-1)/(-4)). Calculate the greatest common divisor of 5 and f.
5
Let i be (((-10)/(-4))/(-1))/((-10)/8). What is the highest common factor of i and 22?
2
Let l = -279 + 469. Suppose -x = -3*x + 5*w + l, -2*x + w + 182 = 0. Calculate the greatest common divisor of x and 10.
10
Let o = -9 - -11. Let w = o + -8. Let g be 16/w*18/(-4). Calculate the highest common factor of g and 60.
12
Suppose 0 = 6*h - 4*h - 36. Calculate the highest common divisor of h and 27.
9
Let o be (315/25)/(36/(-40) + 1). What is the gre